{"id":77,"date":"2017-11-11T10:25:08","date_gmt":"2017-11-11T09:25:08","guid":{"rendered":"http:\/\/taoravao.com\/?page_id=77"},"modified":"2017-11-16T14:40:30","modified_gmt":"2017-11-16T13:40:30","slug":"musique-de-theatre","status":"publish","type":"page","link":"https:\/\/taoravao.com\/index.php\/discographie\/musique-de-theatre\/","title":{"rendered":"Musique de th\u00e9\u00e2tre"},"content":{"rendered":"<div id=\"attachment_237\" style=\"width: 213px\" class=\"wp-caption alignright\"><img loading=\"lazy\" decoding=\"async\" aria-describedby=\"caption-attachment-237\" class=\"wp-image-237 size-medium\" src=\"https:\/\/taoravao.com\/wp-content\/uploads\/2017\/11\/000009-203x300.jpg\" alt=\"Litungu\" width=\"203\" height=\"300\" \/><p id=\"caption-attachment-237\" class=\"wp-caption-text\">Litungu<\/p><\/div>\n<p>1991 <a href=\"\/index.php\/jeune-public\/la-petite-histoire-du-blues\/\"><strong>La petite histoire du Blues<\/strong> <\/a><br \/>\n1994 Un Jour ma M\u00e9moire (M. Rakotoson)<br \/>\n1996 Noirs Paradis (Rosa Lykson)<br \/>\n2000 Introspection (Peter Handke)<br \/>\n2000 Le Tambour de Zanahary (J.L. Raharimanana) &#8211; spectacle Jeune public<br \/>\n2005 L\u2019Odyss\u00e9e (Hom\u00e8re \u2013 Th\u00e9\u00e2tre Moli\u00e8re)<br \/>\n2009 Excuses et dires liminaires de Za\u00a0(avec J.L. Raharimanana)<br \/>\n2011 <a href=\"\/index.php\/spectacles\/par-la-nuit\/\"><strong>Par la nuit<\/strong><\/a> (avec J.L. Raharimanana)<br \/>\n2014 <a href=\"\/index.php\/spectacles\/rano-rano\/\"><strong>Rano, Rano<\/strong><\/a> (avec J.L. Raharimanana)<br \/>\n2014 <a href=\"\/index.php\/jeune-public\/tsingory\/\"><strong>Tsingrory<\/strong><\/a> (avec J.L. Raharimanana) &#8211; spectacle Jeune public<br \/>\n2014 <a href=\"\/index.php\/jeune-public\/contes-de-la-grande-ile\/\"><strong>Les contes de la Grande \u00cele<\/strong><\/a> (avec J.L. Raharimanana) &#8211; spectacle Jeune public<br \/>\n2016 <a href=\"\/index.php\/spectacles\/parfois-le-vide\/\"><strong>Parfois le vide<\/strong><\/a> (avec J.L. Raharimanana)<\/p>\n<p>&#8230;<\/p>\n","protected":false},"excerpt":{"rendered":"<p>1991 La petite histoire du Blues 1994 Un Jour ma M\u00e9moire (M. Rakotoson) 1996 Noirs Paradis (Rosa Lykson) 2000 Introspection (Peter Handke) 2000 Le Tambour de Zanahary (J.L. Raharimanana) &#8211; spectacle Jeune public 2005 L\u2019Odyss\u00e9e (Hom\u00e8re \u2013 Th\u00e9\u00e2tre Moli\u00e8re) 2009 &hellip; <a href=\"https:\/\/taoravao.com\/index.php\/discographie\/musique-de-theatre\/\">Continuer la lecture <span class=\"meta-nav\">&rarr;<\/span><\/a><\/p>\n","protected":false},"author":1,"featured_media":0,"parent":16,"menu_order":0,"comment_status":"closed","ping_status":"closed","template":"","meta":{"footnotes":""},"class_list":["post-77","page","type-page","status-publish","hentry"],"yoast_head":"<!-- This site is optimized with the Yoast SEO plugin v27.4 - https:\/\/yoast.com\/product\/yoast-seo-wordpress\/ -->\n<title>Musique de th\u00e9\u00e2tre &#8226; taoravao.com<\/title>\n<meta name=\"robots\" content=\"index, follow, max-snippet:-1, max-image-preview:large, max-video-preview:-1\" \/>\n<link rel=\"canonical\" href=\"https:\/\/taoravao.com\/index.php\/discographie\/musique-de-theatre\/\" \/>\n<meta property=\"og:locale\" content=\"fr_FR\" \/>\n<meta property=\"og:type\" content=\"article\" \/>\n<meta property=\"og:title\" content=\"Musique de th\u00e9\u00e2tre &#8226; taoravao.com\" \/>\n<meta property=\"og:description\" content=\"1991 La petite histoire du Blues 1994 Un Jour ma M\u00e9moire (M. Rakotoson) 1996 Noirs Paradis (Rosa Lykson) 2000 Introspection (Peter Handke) 2000 Le Tambour de Zanahary (J.L. Raharimanana) &#8211; spectacle Jeune public 2005 L\u2019Odyss\u00e9e (Hom\u00e8re \u2013 Th\u00e9\u00e2tre Moli\u00e8re) 2009 &hellip; Continuer la lecture &rarr;\" \/>\n<meta property=\"og:url\" content=\"https:\/\/taoravao.com\/index.php\/discographie\/musique-de-theatre\/\" \/>\n<meta property=\"og:site_name\" content=\"taoravao.com\" \/>\n<meta property=\"article:publisher\" content=\"https:\/\/www.facebook.com\/tao.ravao\" \/>\n<meta property=\"article:modified_time\" content=\"2017-11-16T13:40:30+00:00\" \/>\n<meta property=\"og:image\" content=\"http:\/\/taoravao.com\/wp-content\/uploads\/2017\/11\/000009-203x300.jpg\" \/>\n<meta name=\"twitter:card\" content=\"summary_large_image\" \/>\n<meta name=\"twitter:label1\" content=\"Dur\u00e9e de lecture estim\u00e9e\" \/>\n\t<meta name=\"twitter:data1\" content=\"1 minute\" \/>\n<script type=\"application\/ld+json\" class=\"yoast-schema-graph\">{\"@context\":\"https:\\\/\\\/schema.org\",\"@graph\":[{\"@type\":\"WebPage\",\"@id\":\"https:\\\/\\\/taoravao.com\\\/index.php\\\/discographie\\\/musique-de-theatre\\\/\",\"url\":\"https:\\\/\\\/taoravao.com\\\/index.php\\\/discographie\\\/musique-de-theatre\\\/\",\"name\":\"Musique de th\u00e9\u00e2tre &#8226; taoravao.com\",\"isPartOf\":{\"@id\":\"https:\\\/\\\/taoravao.com\\\/#website\"},\"primaryImageOfPage\":{\"@id\":\"https:\\\/\\\/taoravao.com\\\/index.php\\\/discographie\\\/musique-de-theatre\\\/#primaryimage\"},\"image\":{\"@id\":\"https:\\\/\\\/taoravao.com\\\/index.php\\\/discographie\\\/musique-de-theatre\\\/#primaryimage\"},\"thumbnailUrl\":\"http:\\\/\\\/taoravao.com\\\/wp-content\\\/uploads\\\/2017\\\/11\\\/000009-203x300.jpg\",\"datePublished\":\"2017-11-11T09:25:08+00:00\",\"dateModified\":\"2017-11-16T13:40:30+00:00\",\"breadcrumb\":{\"@id\":\"https:\\\/\\\/taoravao.com\\\/index.php\\\/discographie\\\/musique-de-theatre\\\/#breadcrumb\"},\"inLanguage\":\"fr-FR\",\"potentialAction\":[{\"@type\":\"ReadAction\",\"target\":[\"https:\\\/\\\/taoravao.com\\\/index.php\\\/discographie\\\/musique-de-theatre\\\/\"]}]},{\"@type\":\"ImageObject\",\"inLanguage\":\"fr-FR\",\"@id\":\"https:\\\/\\\/taoravao.com\\\/index.php\\\/discographie\\\/musique-de-theatre\\\/#primaryimage\",\"url\":\"https:\\\/\\\/taoravao.com\\\/wp-content\\\/uploads\\\/2017\\\/11\\\/000009.jpg\",\"contentUrl\":\"https:\\\/\\\/taoravao.com\\\/wp-content\\\/uploads\\\/2017\\\/11\\\/000009.jpg\",\"width\":203,\"height\":300},{\"@type\":\"BreadcrumbList\",\"@id\":\"https:\\\/\\\/taoravao.com\\\/index.php\\\/discographie\\\/musique-de-theatre\\\/#breadcrumb\",\"itemListElement\":[{\"@type\":\"ListItem\",\"position\":1,\"name\":\"Accueil\",\"item\":\"https:\\\/\\\/taoravao.com\\\/\"},{\"@type\":\"ListItem\",\"position\":2,\"name\":\"DISCOGRAPHIE\",\"item\":\"https:\\\/\\\/taoravao.com\\\/index.php\\\/discographie\\\/\"},{\"@type\":\"ListItem\",\"position\":3,\"name\":\"Musique de th\u00e9\u00e2tre\"}]},{\"@type\":\"WebSite\",\"@id\":\"https:\\\/\\\/taoravao.com\\\/#website\",\"url\":\"https:\\\/\\\/taoravao.com\\\/\",\"name\":\"taoravao.com\",\"description\":\".:: Racines Crois\u00e9es ::. Crossover .:: Tao Ravao\",\"publisher\":{\"@id\":\"https:\\\/\\\/taoravao.com\\\/#\\\/schema\\\/person\\\/d7bc9657a7ebef05f83d4ec677dcb67f\"},\"potentialAction\":[{\"@type\":\"SearchAction\",\"target\":{\"@type\":\"EntryPoint\",\"urlTemplate\":\"https:\\\/\\\/taoravao.com\\\/?s={search_term_string}\"},\"query-input\":{\"@type\":\"PropertyValueSpecification\",\"valueRequired\":true,\"valueName\":\"search_term_string\"}}],\"inLanguage\":\"fr-FR\"},{\"@type\":[\"Person\",\"Organization\"],\"@id\":\"https:\\\/\\\/taoravao.com\\\/#\\\/schema\\\/person\\\/d7bc9657a7ebef05f83d4ec677dcb67f\",\"name\":\"Tao Ravao\",\"image\":{\"@type\":\"ImageObject\",\"inLanguage\":\"fr-FR\",\"@id\":\"https:\\\/\\\/secure.gravatar.com\\\/avatar\\\/109d540ccbbf002726bfd6e50bc49a1a88b06858ed302ec48b5f98b88527c8b1?s=96&d=mm&r=g\",\"url\":\"https:\\\/\\\/secure.gravatar.com\\\/avatar\\\/109d540ccbbf002726bfd6e50bc49a1a88b06858ed302ec48b5f98b88527c8b1?s=96&d=mm&r=g\",\"contentUrl\":\"https:\\\/\\\/secure.gravatar.com\\\/avatar\\\/109d540ccbbf002726bfd6e50bc49a1a88b06858ed302ec48b5f98b88527c8b1?s=96&d=mm&r=g\",\"caption\":\"Tao Ravao\"},\"logo\":{\"@id\":\"https:\\\/\\\/secure.gravatar.com\\\/avatar\\\/109d540ccbbf002726bfd6e50bc49a1a88b06858ed302ec48b5f98b88527c8b1?s=96&d=mm&r=g\"},\"sameAs\":[\"http:\\\/\\\/www.taoravao.com\",\"https:\\\/\\\/www.facebook.com\\\/tao.ravao\"]}]}<\/script>\n<!-- \/ Yoast SEO plugin. -->","yoast_head_json":{"title":"Musique de th\u00e9\u00e2tre &#8226; taoravao.com","robots":{"index":"index","follow":"follow","max-snippet":"max-snippet:-1","max-image-preview":"max-image-preview:large","max-video-preview":"max-video-preview:-1"},"canonical":"https:\/\/taoravao.com\/index.php\/discographie\/musique-de-theatre\/","og_locale":"fr_FR","og_type":"article","og_title":"Musique de th\u00e9\u00e2tre &#8226; taoravao.com","og_description":"1991 La petite histoire du Blues 1994 Un Jour ma M\u00e9moire (M. Rakotoson) 1996 Noirs Paradis (Rosa Lykson) 2000 Introspection (Peter Handke) 2000 Le Tambour de Zanahary (J.L. Raharimanana) &#8211; spectacle Jeune public 2005 L\u2019Odyss\u00e9e (Hom\u00e8re \u2013 Th\u00e9\u00e2tre Moli\u00e8re) 2009 &hellip; Continuer la lecture &rarr;","og_url":"https:\/\/taoravao.com\/index.php\/discographie\/musique-de-theatre\/","og_site_name":"taoravao.com","article_publisher":"https:\/\/www.facebook.com\/tao.ravao","article_modified_time":"2017-11-16T13:40:30+00:00","og_image":[{"url":"http:\/\/taoravao.com\/wp-content\/uploads\/2017\/11\/000009-203x300.jpg","type":"","width":"","height":""}],"twitter_card":"summary_large_image","twitter_misc":{"Dur\u00e9e de lecture estim\u00e9e":"1 minute"},"schema":{"@context":"https:\/\/schema.org","@graph":[{"@type":"WebPage","@id":"https:\/\/taoravao.com\/index.php\/discographie\/musique-de-theatre\/","url":"https:\/\/taoravao.com\/index.php\/discographie\/musique-de-theatre\/","name":"Musique de th\u00e9\u00e2tre &#8226; taoravao.com","isPartOf":{"@id":"https:\/\/taoravao.com\/#website"},"primaryImageOfPage":{"@id":"https:\/\/taoravao.com\/index.php\/discographie\/musique-de-theatre\/#primaryimage"},"image":{"@id":"https:\/\/taoravao.com\/index.php\/discographie\/musique-de-theatre\/#primaryimage"},"thumbnailUrl":"http:\/\/taoravao.com\/wp-content\/uploads\/2017\/11\/000009-203x300.jpg","datePublished":"2017-11-11T09:25:08+00:00","dateModified":"2017-11-16T13:40:30+00:00","breadcrumb":{"@id":"https:\/\/taoravao.com\/index.php\/discographie\/musique-de-theatre\/#breadcrumb"},"inLanguage":"fr-FR","potentialAction":[{"@type":"ReadAction","target":["https:\/\/taoravao.com\/index.php\/discographie\/musique-de-theatre\/"]}]},{"@type":"ImageObject","inLanguage":"fr-FR","@id":"https:\/\/taoravao.com\/index.php\/discographie\/musique-de-theatre\/#primaryimage","url":"https:\/\/taoravao.com\/wp-content\/uploads\/2017\/11\/000009.jpg","contentUrl":"https:\/\/taoravao.com\/wp-content\/uploads\/2017\/11\/000009.jpg","width":203,"height":300},{"@type":"BreadcrumbList","@id":"https:\/\/taoravao.com\/index.php\/discographie\/musique-de-theatre\/#breadcrumb","itemListElement":[{"@type":"ListItem","position":1,"name":"Accueil","item":"https:\/\/taoravao.com\/"},{"@type":"ListItem","position":2,"name":"DISCOGRAPHIE","item":"https:\/\/taoravao.com\/index.php\/discographie\/"},{"@type":"ListItem","position":3,"name":"Musique de th\u00e9\u00e2tre"}]},{"@type":"WebSite","@id":"https:\/\/taoravao.com\/#website","url":"https:\/\/taoravao.com\/","name":"taoravao.com","description":".:: Racines Crois\u00e9es ::. Crossover .:: Tao Ravao","publisher":{"@id":"https:\/\/taoravao.com\/#\/schema\/person\/d7bc9657a7ebef05f83d4ec677dcb67f"},"potentialAction":[{"@type":"SearchAction","target":{"@type":"EntryPoint","urlTemplate":"https:\/\/taoravao.com\/?s={search_term_string}"},"query-input":{"@type":"PropertyValueSpecification","valueRequired":true,"valueName":"search_term_string"}}],"inLanguage":"fr-FR"},{"@type":["Person","Organization"],"@id":"https:\/\/taoravao.com\/#\/schema\/person\/d7bc9657a7ebef05f83d4ec677dcb67f","name":"Tao Ravao","image":{"@type":"ImageObject","inLanguage":"fr-FR","@id":"https:\/\/secure.gravatar.com\/avatar\/109d540ccbbf002726bfd6e50bc49a1a88b06858ed302ec48b5f98b88527c8b1?s=96&d=mm&r=g","url":"https:\/\/secure.gravatar.com\/avatar\/109d540ccbbf002726bfd6e50bc49a1a88b06858ed302ec48b5f98b88527c8b1?s=96&d=mm&r=g","contentUrl":"https:\/\/secure.gravatar.com\/avatar\/109d540ccbbf002726bfd6e50bc49a1a88b06858ed302ec48b5f98b88527c8b1?s=96&d=mm&r=g","caption":"Tao Ravao"},"logo":{"@id":"https:\/\/secure.gravatar.com\/avatar\/109d540ccbbf002726bfd6e50bc49a1a88b06858ed302ec48b5f98b88527c8b1?s=96&d=mm&r=g"},"sameAs":["http:\/\/www.taoravao.com","https:\/\/www.facebook.com\/tao.ravao"]}]}},"_links":{"self":[{"href":"https:\/\/taoravao.com\/index.php\/wp-json\/wp\/v2\/pages\/77","targetHints":{"allow":["GET"]}}],"collection":[{"href":"https:\/\/taoravao.com\/index.php\/wp-json\/wp\/v2\/pages"}],"about":[{"href":"https:\/\/taoravao.com\/index.php\/wp-json\/wp\/v2\/types\/page"}],"author":[{"embeddable":true,"href":"https:\/\/taoravao.com\/index.php\/wp-json\/wp\/v2\/users\/1"}],"replies":[{"embeddable":true,"href":"https:\/\/taoravao.com\/index.php\/wp-json\/wp\/v2\/comments?post=77"}],"version-history":[{"count":10,"href":"https:\/\/taoravao.com\/index.php\/wp-json\/wp\/v2\/pages\/77\/revisions"}],"predecessor-version":[{"id":242,"href":"https:\/\/taoravao.com\/index.php\/wp-json\/wp\/v2\/pages\/77\/revisions\/242"}],"up":[{"embeddable":true,"href":"https:\/\/taoravao.com\/index.php\/wp-json\/wp\/v2\/pages\/16"}],"wp:attachment":[{"href":"https:\/\/taoravao.com\/index.php\/wp-json\/wp\/v2\/media?parent=77"}],"curies":[{"name":"wp","href":"https:\/\/api.w.org\/{rel}","templated":true}]}}